t t(k) be the first derivative of 7*k**3/3 + 7*k**2/2 + 4*k + 971. Give t(-4).
88
Let k(p) be the third derivative of -p**4/12 - p**3 - 44*p**2. Let s = -37 - -31. Let l be s/(-30) + 63/(-15). Determine k(l).
2
Let c(t) = -5*t**3 + 2*t**2 - 11*t + 1. Let h(g) = 6*g**3 - g**2 + 12*g. Let x(m) = -5*c(m) - 4*h(m). Suppose 2203*i - 150 = 2173*i. Calculate x(i).
5
Let u(c) = 17*c + 1. Let k(g) = -69*g + 11. Let b(j) = -k(j) - 4*u(j). Give b(13).
-2
Let p(a) = a**2 + 2*a - 3. Suppose 560 = 11*r - 4*r. Let g = r - 62. Suppose 4*q = -2*q - g. Determine p(q).
0
Let o(w) be the third derivative of -w**6/120 - w**5/30 - w**4/24 - 49*w**3/6 + 78*w**2 + 29*w. Give o(0).
-49
Let u(q) be the third derivative of 5/8*q**4 - 4/15*q**5 - 23*q**2 + 0 + 0*q - 5/3*q**3 + 1/120*q**6. Give u(15).
-10
Suppose -5*c - 2*s + 102 = s, -3*c + 42 = -3*s. Let b(z) = -9*z**2 - 4 + 10*z**2 - 21*z + c*z. Suppose 0*t + 5*t + 4*q = 41, -5*q = t - 25. Calculate b(t).
6
Let z(u) = u**3 - 12*u**2 + 6. Let g(h) = -6*h**3 + 165*h**2 + 87*h - 72. Let l be g(28). Give z(l).
6
Let y(b) = -2*b**2 + 15*b + 22. Let o(c) = 19*c - 657. Let l be o(35). Calculate y(l).
14
Suppose -32*v = 9*v - 2*v - 78. Let h(z) = 22*z**2 + 3*z - 5. Calculate h(v).
89
Let q(p) be the third derivative of p**4/24 + 1441*p**2. Suppose -x = -1, 25 - 5 = -5*t - 5*x. Let g(y) = y**3 + 5*y**2 + 3*y + 7. Let s be g(t). Give q(s).
-8
Let r(x) = -9*x + 3. Let d(l) = -47*l + 17. Let g(w) = 2*d(w) - 11*r(w). Suppose n + 3*f = 9, -5*f - 5 = -2*n + 7*n. Determine g(n).
-29
Let a = 2 - -4. Let f(n) = 7557 + 2*n - n - 7558. Let c(q) = -2*q + 7. Let u(m) = c(m) + f(m). Give u(a).
0
Let a(t) = 2*t + 4*t + 692225018*t**2 - 3 - 692225019*t**2. Let n(h) = h - 5. Let p(g) = 2*g - 11. Let l(k) = 9*n(k) - 4*p(k). Let x be l(5). What is a(x)?
5
Let h(r) = -r + 4. Let f be h(-4). Let s(o) = -2 - 5*o**2 + 3*o**2 + 6 + f*o + 3*o**2. Let m = 207 + -214. Calculate s(m).
-3
Let i = 298 - 296. Let t(y) = -4*y**2 - 2*y + 3*y - 5*y + 5*y**i + 1 + y**2. Determine t(-3).
31
Let t(b) = -11*b - 78. Let k be t(-8). Suppose -29 = k*v + 11. Let s(w) = 0*w + 2 + 3 + 2*w. What is s(v)?
-3
Let w(k) = -k**2 - 24*k - 79. Suppose 167*s + 2527 = 1859. What is w(s)?
1
Let m(o) = -8*o - 4. Suppose 142*z + 130*z - 2880 = -48*z. Calculate m(z).
-76
Let v be 3 - ((-15)/(-105) - 400/7). Let q = v + -57. Let z(l) be the second derivative of -l**4/12 + l**3/6 - 3*l**2/2 + l. What is z(q)?
-9
Suppose -2*r = p - 5*r + 7, 0 = p + 3*r + 19. Let f(o) = -45*o - 340. Let k(c) = -156*c - 1168. Let n(z) = 7*f(z) - 2*k(z). What is n(p)?
-5
Let v be 5 - (-2)/28*10 - 32/(-112). Let r(o) = -o**3 + 8*o**2 - 11*o - 19. What is r(v)?
-13
Let s(n) be the third derivative of n**6/360 + 7*n**5/120 - n**4/3 - 22*n**3/3 - 38*n**2. Let y(x) be the first derivative of s(x). What is y(-7)?
-8
Suppose 58 = -2*u + 180. Suppose -2*z - 1 = -u. Let m = z - 29. Let h(d) = -3*d**2 + d. What is h(m)?
-2
Let q = -60 + 228. Let n = 166 - q. Let z(f) = f**2 + f - 2. Determine z(n).
0
Let b = 184669 - 184656. Let s be (-6)/15 - 24/(-10). Let c(l) = -13*l + 0 + l**2 - 4 - s. What is c(b)?
-6
Suppose 83*a - 321 = -72. Let s(v) be the first derivative of 8 + 5*v + 2*v**a + 7/2*v**2 + 1/4*v**4. What is s(-4)?
9
Let p be 12*3/30*(-2)/((-4)/5). Let x(i) = -3*i**3 - 3*i**2 - 3*i + 2. Give x(p).
-115
Let z(l) be the second derivative of -l**5/20 + l**4/4 + l**3/6 - l**2 + l. Let f = 123107 + -123104. Give z(f).
1
Let d(h) = -19692 - h + h**3 + 22*h - h**2 - 19662 + 3*h**2 + 39404. Give d(-3).
-22
Let z(v) = 18 - v**3 - 535833*v**2 + 535833*v**2 + v. Suppose -4*t - 10 = 5*g, 3*g + 2 = 4*t + 2*g. Determine z(t).
18
Suppose -319 - 185 = -56*l. Let d(j) be the second derivative of -j**3/2 + 4*j**2 + 12*j. Determine d(l).
-19
Let y(f) = f**2 + 12*f - 8. Suppose 6 = 8*o + 102. Let w be y(o). Let j(q) = q + 3. Calculate j(w).
-5
Let d(z) = -z**2 - 3*z + 9. Let y = 2441 - 2438. Calculate d(y).
-9
Let i = -3 + -4. Let c(x) be the second derivative of -x**5/20 - 7*x**4/12 - x**3/3 - 5*x**2 - 32*x + 65. Calculate c(i).
4
Let z(a) be the second derivative of -a**5/20 - a**4/2 + 5*a**3/6 - 15*a**2/2 - 4*a + 37. Give z(-7).
-1
Let w(l) = 9*l + 163. Let n(m) = -38*m - 649. Let b(c) = -2*n(c) - 9*w(c). Give b(-35).
6
Let v(x) = x**3 + 8*x**2 - 7*x - 1. Let a(p) = 4*p - 105. Let w be a(24). What is v(w)?
-19
Let n(o) = 2*o - 16. Let i be (-1)/1*3/3*-3. Suppose 27 = 4*m + i*g, 4*m - 22 = -4*g + 2. Give n(m).
2
Suppose 832 = 11*h + 41*h. Let c(u) = 0*u - u - h + 8. What is c(11)?
-19
Let l(n) = n - 7. Let s(m) = m - 2. Let h(g) = l(g) - 3*s(g). Let r(v) = -v**3 - 2*v**2 + v + 2. Let b be r(-2). Let c = b + 2. Calculate h(c).
-5
Let i(j) = -3*j - 1. Let t be (32/(-3) - 3)*-3. Suppose -5*n + 4 + t = 0. Suppose -5*o + n - 19 = 0. Determine i(o).
5
Let s(z) = -29 - 9*z**2 - 469*z + 933*z - 433*z. Let q(h) = 5*h**2 - 16*h + 15. Let f(t) = -7*q(t) - 4*s(t). Give f(12).
11
Suppose -3 = 8*t - 7*t. Let q(f) = -11*f + 1 + 16*f - 7*f + f**3 + 5*f**2. Give q(t).
25
Let q(v) be the second derivative of -v**4/24 + v**3/2 + 125*v**2/2 - 36*v. Let i(s) be the first derivative of q(s). Determine i(5).
-2
Let r(z) = -189 - 9*z + 22 + 7*z + 6 + 45*z. What is r(4)?
11
Let w(n) = -76*n**2 + 14*n. Let s(q) = 13*q - 19*q + 2*q + 7*q - 15*q**2. Let z(a) = 14*s(a) - 3*w(a). Determine z(-1).
18
Let h(s) = -11*s - 566 + 558 + s - 15*s + 2*s. Determine h(5).
-123
Let o(f) be the first derivative of f**4/4 - f**2/2 - 22*f + 11214. What is o(0)?
-22
Let q(s) = -27*s**3 + 2*s + 3. Suppose 4*o + 33 - 29 = 0. Let n be q(o). Let r(f) = -77*f + 28. Let t(k) = 14*k - 5. Let z(u) = n*t(u) + 5*r(u). What is z(-2)?
-14
Let b = 563 - 100. Let q = -462 + b. Let n(i) = -6*i**3 - i**2 + i + 1. Determine n(q).
-5
Let z(j) = j**3 + 15*j**2 + 17*j + 29. Let p = 7205 - 7219. Give z(p).
-13
Suppose h - 16 = 3*h. Let r(z) = -z - 2. Let k(b) = -b - 3. Let n(p) = 7*k(p) - 6*r(p). What is n(h)?
-1
Let i = 24197 - 24190. Let q(f) = f**3 - 9*f**2 + 8*f - 27. Give q(i).
-69
Let y = 385 + -375. Let q(v) = -237 + 3*v - y*v + 246 + v**2. Give q(4).
-3
Let z(b) = -28 - 18*b**3 + 19*b**3 - 26*b - 1085*b**2 + 1058*b**2. What is z(28)?
28
Suppose -8 + 23 = -2*r + 5*f, 2*f = -4*r + 30. Let s(y) = y**2 - 5*y - 10. Give s(r).
-10
Let c(z) = z + 1. Let q be (-26)/(-8) - (-9)/12. Let d(l) be the third derivative of -l**4/8 - l**3/2 - 55*l**2. Let u(g) = q*d(g) + 9*c(g). Give u(-2).
3
Let d(n) = -24876 + 8*n + 24838 + 7*n - 2*n**2 + n**2. Give d(12).
-2
Let f(o) be the first derivative of 147*o**4/4 + o**2 - o + 8. Let g be f(1). Let z(u) = u - 148 + g. Determine z(6).
6
Suppose -4*h + 4*k - 168 = 0, 2*k - 90 = 2*h - 3*k. Let v = -36 - h. Suppose -l + v = -1. Let g(x) = x - 10. Determine g(l).
-5
Suppose -812 + 238 = 82*g. Let h(m) = -m**2 - 2*m + 1. Calculate h(g).
-34
Suppose 0 = 4*x - u - 9, 0 = x + 4*u + 25 - 40. Let v(g) be the second derivative of 1/6*g**x + 0 - 17*g + 7/12*g**4 + 0*g**2. Give v(-1).
6
Let i(b) = -8*b**3 - 16*b**2 - 8*b + 28. Let c(g) = 13*g**3 + 25*g**2 + 12*g - 43. Let n(m) = 5*c(m) + 8*i(m). Calculate n(3).
-3
Suppose -3*y = -30*x + 32*x + 14, -5*x + 3*y - 35 = 0. Let b(o) = o**3 + 4*o**2 - 13*o. Calculate b(x).
-56
Suppose k + 3*c - 7*c - 8 = 0, 9 = 3*k + 3*c. Let n(q) = -q - 5. Let o(t) = -1. Let p(j) = k*o(j) - n(j). Determine p(4).
5
Let a(d) = 7*d - 48. Let s = -28172 - -28181. Determine a(s).
15
Suppose 0 = -9*i + 4*i. Let p = -13 - i. Let l = -16 - p. Let t(u) = -u**2 - 4*u - 3. Calculate t(l).
0
Let k(m) = -3*m**3 + 21*m**2 + 4*m - 33. Let s be k(7). Let w(n) = 2*n - 4. Let i(b) = b - 4. Let l(r) = s*w(r) + 4*i(r). What is l(5)?
-26
Let q(n) = -5*n - 9 + 5*n + 10*n - 9*n. Let y(m) = -m**2 + 8*m + 7. Let f be y(9). Let c = 6 + f. What is q(c)?
-5
Let b(v) = 3*v**2 - 16*v + 43. Let g = 3771 + -3767. Determine b(g).
27
Let d(t) = -6*t + 1. Suppose -6 = n - 2*j - 18, 63 = 3*n + 3*j. Let m = n + -16. Suppose 7 = -9*v - m. What is d(v)?
7
Let w(u) = u**2 + 1. Let c(q) = -11*q**2 + q**2 + 3*q**2 + 8*q + 8 + 0*q**2. Let o(x) = c(x) + 6*w(x). Calculate o(10).
-6
Let r(k) = 417*k**3 + 4*k**2 + 0*k**2 - 8*k - 2*k**2 - 412*k**3 + 7. Let z(t) = 11*t**3 + 5*t**2 - 18*t + 15. Let m(q) = -9*r(q) + 4*z(q). Determine m(3).
-12
Let t(c) be the third derivative of -c**6/40 - 